0 is divided by 34298?
10
Calculate the remainder when 7989 is divided by 15.
9
What is the remainder when 206681 is divided by 830?
11
Calculate the remainder when 34779 is divided by 305.
9
What is the remainder when 44858 is divided by 16?
10
What is the remainder when 52863 is divided by 56?
55
What is the remainder when 1471 is divided by 364?
15
What is the remainder when 46787 is divided by 23382?
23
What is the remainder when 148983 is divided by 6477?
12
What is the remainder when 1759 is divided by 219?
7
Calculate the remainder when 10017 is divided by 104.
33
What is the remainder when 27470 is divided by 4578?
2
Calculate the remainder when 1145 is divided by 68.
57
What is the remainder when 26464 is divided by 22?
20
Calculate the remainder when 77693 is divided by 291.
287
What is the remainder when 24070 is divided by 24062?
8
Calculate the remainder when 57779 is divided by 3041.
0
Calculate the remainder when 75287 is divided by 153.
11
What is the remainder when 374 is divided by 369?
5
What is the remainder when 163 is divided by 145?
18
What is the remainder when 1501 is divided by 30?
1
Calculate the remainder when 17802 is divided by 193.
46
What is the remainder when 17379 is divided by 5702?
273
What is the remainder when 10333 is divided by 5163?
7
Calculate the remainder when 30921 is divided by 4417.
2
Calculate the remainder when 9603 is divided by 22.
11
What is the remainder when 700 is divided by 47?
42
Calculate the remainder when 71144 is divided by 23714.
2
Calculate the remainder when 1282787 is divided by 9.
8
What is the remainder when 36396 is divided by 8?
4
Calculate the remainder when 27895 is divided by 17.
15
Calculate the remainder when 141991 is divided by 568.
559
What is the remainder when 12408 is divided by 57?
39
What is the remainder when 5949 is divided by 272?
237
Calculate the remainder when 20840 is divided by 5099.
444
What is the remainder when 3832 is divided by 430?
392
What is the remainder when 2846 is divided by 708?
14
What is the remainder when 14159 is divided by 161?
152
Calculate the remainder when 377 is divided by 340.
37
Calculate the remainder when 29116 is divided by 47.
23
Calculate the remainder when 154271 is divided by 605.
601
Calculate the remainder when 12022 is divided by 784.
262
Calculate the remainder when 761 is divided by 478.
283
Calculate the remainder when 2071 is divided by 103.
11
Calculate the remainder when 120974 is divided by 71.
61
What is the remainder when 36567 is divided by 779?
733
What is the remainder when 135812 is divided by 128?
4
Calculate the remainder when 63665 is divided by 1097.
39
Calculate the remainder when 7254 is divided by 7248.
6
Calculate the remainder when 92727 is divided by 4.
3
Calculate the remainder when 1435144 is divided by 676.
672
What is the remainder when 78740 is divided by 12?
8
What is the remainder when 2992 is divided by 2988?
4
What is the remainder when 1403 is divided by 153?
26
What is the remainder when 12774 is divided by 456?
6
Calculate the remainder when 1950 is divided by 695.
560
Calculate the remainder when 374039 is divided by 36.
35
What is the remainder when 64668 is divided by 10?
8
What is the remainder when 10339 is divided by 269?
117
What is the remainder when 24314 is divided by 2668?
302
Calculate the remainder when 48594 is divided by 481.
13
Calculate the remainder when 20721 is divided by 10148.
425
Calculate the remainder when 6110 is divided by 3023.
64
Calculate the remainder when 49246 is divided by 1094.
16
What is the remainder when 3504 is divided by 98?
74
Calculate the remainder when 8774 is divided by 565.
299
What is the remainder when 695 is divided by 134?
25
Calculate the remainder when 13288 is divided by 13284.
4
Calculate the remainder when 22604 is divided by 52.
36
What is the remainder when 91061 is divided by 139?
16
What is the remainder when 6748 is divided by 1921?
985
What is the remainder when 3926 is divided by 279?
20
Calculate the remainder when 669 is divided by 45.
39
What is the remainder when 93473 is divided by 412?
361
What is the remainder when 136893 is divided by 32?
29
What is the remainder when 6479 is divided by 925?
4
What is the remainder when 341767 is divided by 5?
2
What is the remainder when 1836 is divided by 532?
240
Calculate the remainder when 10312 is divided by 488.
64
What is the remainder when 306207 is divided by 490?
447
Calculate the remainder when 2558 is divided by 7.
3
What is the remainder when 131104 is divided by 319?
314
Calculate the remainder when 944 is divided by 291.
71
Calculate the remainder when 72326 is divided by 479.
476
What is the remainder when 97222 is divided by 24?
22
Calculate the remainder when 1625 is divided by 1140.
485
Calculate the remainder when 1587 is divided by 113.
5
What is the remainder when 408065 is divided by 373?
3
What is the remainder when 7841 is divided by 733?
511
Calculate the remainder when 10725 is divided by 1531.
8
What is the remainder when 50142 is divided by 32?
30
What is the remainder when 163043 is divided by 13?
10
Calculate the remainder when 1088 is divided by 965.
123
Calculate the remainder when 196832 is divided by 49192.
64
What is the remainder when 24550 is divided by 8167?
49
Calculate the remainder when 2786 is divided by 2450.
336
What is the remainder when 1071 is divided by 103?
41
Calculate the remainder when 4771 is divided by 82.
15
What is the remainder when 4444 is divided by 826?
314
Calculate the remainder when 864 is divided by 850.
14
What is the remainder when 182710 is divided by 320?
310
What is the remainder when 80260 is divided by 127?
123
What is the remainder when 2019 is divided by 177?
72
What is the remainder when 14891 is divided by 44?
19
Calculate the remainder when 3627 is divided by 100.
27
What is the remainder when 34146 is divided by 388?
2
Calculate the remainder when 45460 is divided by 9.
1
What is the remainder when 66290 is divided by 139?
126
Calculate the remainder when 42499 is divided by 253.
248
Calculate the remainder when 685 is divided by 671.
14
Calculate the remainder when 69252 is divided by 34624.
4
Calculate the remainder when 3812 is divided by 105.
32
Calculate the remainder when 7626 is divided by 121.
3
Calculate the remainder when 3171 is divided by 203.
126
What is the remainder when 7856 is divided by 126?
44
Calculate the remainder when 100050 is divided by 7696.
2
What is the remainder when 8933 is divided by 2668?
929
Calculate the remainder when 251529 is divided by 411.
408
What is the remainder when 377575 is divided by 75508?
35
What is the remainder when 10026 is divided by 1219?
274
What is the remainder when 45727 is divided by 1181?
849
Calculate the remainder when 1068 is divided by 1018.
50
Calculate the remainder when 751 is divided by 90.
31
Calculate the remainder when 50464 is divided by 16769.
157
Calculate the remainder when 4361 is divided by 675.
311
Calculate the remainder when 8251 is divided by 72.
43
What is the remainder when 100207 is divided by 100202?
5
What is the remainder when 701144 is divided by 357?
353
Calculate the remainder when 606 is divided by 221.
164
Calculate the remainder when 40144 is divided by 20062.
20
What is the remainder when 1830389 is divided by 30?
29
What is the remainder when 7097 is divided by 1452?
1289
What is the remainder when 52494 is divided by 30?
24
What is the remainder when 69461 is divided by 5?
1
Calculate the remainder when 623624 is divided by 336.
8
Calculate the remainder when 4312 is divided by 40.
32
What is the remainder when 8447 is divided by 1008?
383
What is the remainder when 32060 is divided by 16030?
0
Calculate the remainder when 7156 is divided by 2254.
394
What is the remainder when 29868 is divided by 627?
399
Calculate the remainder when 600 is divided by 26.
2
Calculate the remainder when 4539453 is divided by 284.
281
What is the remainder when 641444 is divided by 105?
104
Calculate the remainder when 2010 is divided by 646.
72
What is the remainder when 2513 is divided by 833?
14
What is the remainder when 112878 is divided by 83?
81
Calculate the remainder when 2052 is divided by 157.
11
Calculate the remai